[INFO] fetching crate injectors 0.1.1...
[INFO] checking injectors-0.1.1 against master#e6e4f7ed1589e03bc2f6c5931c1a72e7947e8682 for beta-170-4
[INFO] extracting crate injectors 0.1.1 into /workspace/builds/worker-0-tc2/source
[INFO] validating manifest of crates.io crate injectors 0.1.1 on toolchain e6e4f7ed1589e03bc2f6c5931c1a72e7947e8682
[INFO] running `Command { std: CARGO_HOME="/workspace/cargo-home" RUSTUP_HOME="/workspace/rustup-home" "/workspace/cargo-home/bin/cargo" "+e6e4f7ed1589e03bc2f6c5931c1a72e7947e8682" "metadata" "--manifest-path" "Cargo.toml" "--no-deps", kill_on_drop: false }`
[INFO] started tweaking crates.io crate injectors 0.1.1
[INFO] finished tweaking crates.io crate injectors 0.1.1
[INFO] tweaked toml for crates.io crate injectors 0.1.1 written to /workspace/builds/worker-0-tc2/source/Cargo.toml
[INFO] running `Command { std: CARGO_HOME="/workspace/cargo-home" RUSTUP_HOME="/workspace/rustup-home" __CARGO_TEST_CHANNEL_OVERRIDE_DO_NOT_USE_THIS="nightly" "/workspace/cargo-home/bin/cargo" "+e6e4f7ed1589e03bc2f6c5931c1a72e7947e8682" "generate-lockfile" "--manifest-path" "Cargo.toml" "-Zno-index-update", kill_on_drop: false }`
[INFO] running `Command { std: CARGO_HOME="/workspace/cargo-home" RUSTUP_HOME="/workspace/rustup-home" "/workspace/cargo-home/bin/cargo" "+e6e4f7ed1589e03bc2f6c5931c1a72e7947e8682" "fetch" "--manifest-path" "Cargo.toml", kill_on_drop: false }`
[INFO] running `Command { std: "docker" "create" "-v" "/var/lib/crater-agent-workspace/builds/worker-0-tc2/target:/opt/rustwide/target:rw,Z" "-v" "/var/lib/crater-agent-workspace/builds/worker-0-tc2/source:/opt/rustwide/workdir:ro,Z" "-v" "/var/lib/crater-agent-workspace/cargo-home:/opt/rustwide/cargo-home:ro,Z" "-v" "/var/lib/crater-agent-workspace/rustup-home:/opt/rustwide/rustup-home:ro,Z" "-e" "SOURCE_DIR=/opt/rustwide/workdir" "-e" "CARGO_TARGET_DIR=/opt/rustwide/target" "-e" "CARGO_HOME=/opt/rustwide/cargo-home" "-e" "RUSTUP_HOME=/opt/rustwide/rustup-home" "-w" "/opt/rustwide/workdir" "-m" "1610612736" "--user" "0:0" "--network" "none" "ghcr.io/rust-lang/crates-build-env/linux@sha256:19e73879b68f455e41552ea35293514db52ea292d993f571636dbffedb77a1ee" "/opt/rustwide/cargo-home/bin/cargo" "+e6e4f7ed1589e03bc2f6c5931c1a72e7947e8682" "metadata" "--no-deps" "--format-version=1", kill_on_drop: false }`
[INFO] [stdout] 51bbde7ce5da67b80d8ca703f70b9c04c3a8c3e3b143db503996f92d10650722
[INFO] running `Command { std: "docker" "start" "-a" "51bbde7ce5da67b80d8ca703f70b9c04c3a8c3e3b143db503996f92d10650722", kill_on_drop: false }`
[INFO] running `Command { std: "docker" "inspect" "51bbde7ce5da67b80d8ca703f70b9c04c3a8c3e3b143db503996f92d10650722", kill_on_drop: false }`
[INFO] running `Command { std: "docker" "rm" "-f" "51bbde7ce5da67b80d8ca703f70b9c04c3a8c3e3b143db503996f92d10650722", kill_on_drop: false }`
[INFO] [stdout] 51bbde7ce5da67b80d8ca703f70b9c04c3a8c3e3b143db503996f92d10650722
[INFO] running `Command { std: "docker" "create" "-v" "/var/lib/crater-agent-workspace/builds/worker-0-tc2/target:/opt/rustwide/target:rw,Z" "-v" "/var/lib/crater-agent-workspace/builds/worker-0-tc2/source:/opt/rustwide/workdir:ro,Z" "-v" "/var/lib/crater-agent-workspace/cargo-home:/opt/rustwide/cargo-home:ro,Z" "-v" "/var/lib/crater-agent-workspace/rustup-home:/opt/rustwide/rustup-home:ro,Z" "-e" "SOURCE_DIR=/opt/rustwide/workdir" "-e" "CARGO_TARGET_DIR=/opt/rustwide/target" "-e" "CARGO_INCREMENTAL=0" "-e" "RUST_BACKTRACE=full" "-e" "RUSTFLAGS=--cap-lints=forbid" "-e" "RUSTDOCFLAGS=--cap-lints=forbid" "-e" "CARGO_HOME=/opt/rustwide/cargo-home" "-e" "RUSTUP_HOME=/opt/rustwide/rustup-home" "-w" "/opt/rustwide/workdir" "-m" "1610612736" "--user" "0:0" "--network" "none" "ghcr.io/rust-lang/crates-build-env/linux@sha256:19e73879b68f455e41552ea35293514db52ea292d993f571636dbffedb77a1ee" "/opt/rustwide/cargo-home/bin/cargo" "+e6e4f7ed1589e03bc2f6c5931c1a72e7947e8682" "check" "--frozen" "--all" "--all-targets" "--message-format=json", kill_on_drop: false }`
[INFO] [stdout] 34d2f86feb83c69a54f655e31335268b42eb89e51712e850261f009c6a4dbb9d
[INFO] running `Command { std: "docker" "start" "-a" "34d2f86feb83c69a54f655e31335268b42eb89e51712e850261f009c6a4dbb9d", kill_on_drop: false }`
[INFO] [stderr]    Compiling unicode-ident v1.0.9
[INFO] [stderr]    Compiling serde v1.0.163
[INFO] [stderr]    Compiling log v0.4.18
[INFO] [stderr]    Compiling thiserror v1.0.40
[INFO] [stderr]     Checking widestring v1.0.2
[INFO] [stderr]     Checking windows-sys v0.36.1
[INFO] [stderr]    Compiling proc-macro2 v1.0.59
[INFO] [stderr]    Compiling quote v1.0.28
[INFO] [stderr]    Compiling syn v2.0.18
[INFO] [stderr]    Compiling serde_derive v1.0.163
[INFO] [stderr]    Compiling thiserror-impl v1.0.40
[INFO] [stderr]     Checking bincode v1.3.3
[INFO] [stderr]     Checking injectors v0.1.1 (/opt/rustwide/workdir)
[INFO] [stdout] error[E0308]: mismatched types
[INFO] [stdout]    --> src/library.rs:21:44
[INFO] [stdout]     |
[INFO] [stdout] 21  |         let h_inst = unsafe { LoadLibraryW(module_name_cstr.as_ptr()) };
[INFO] [stdout]     |                               ------------ ^^^^^^^^^^^^^^^^^^^^^^^^^ expected `*const u16`, found `*const u32`
[INFO] [stdout]     |                               |
[INFO] [stdout]     |                               arguments to this function are incorrect
[INFO] [stdout]     |
[INFO] [stdout]     = note: expected raw pointer `*const u16`
[INFO] [stdout]                found raw pointer `*const u32`
[INFO] [stdout] note: function defined here
[INFO] [stdout]    --> /opt/rustwide/cargo-home/registry/src/index.crates.io-6f17d22bba15001f/windows-sys-0.36.1/src/Windows/Win32/System/LibraryLoader/mod.rs:113:12
[INFO] [stdout]     |
[INFO] [stdout] 113 |     pub fn LoadLibraryW(lplibfilename: ::windows_sys::core::PCWSTR) -> super::super::Foundation::HINSTANCE;
[INFO] [stdout]     |            ^^^^^^^^^^^^
[INFO] [stdout] 
[INFO] [stdout] 
[INFO] [stdout] error[E0308]: mismatched types
[INFO] [stdout]    --> src/library.rs:21:44
[INFO] [stdout]     |
[INFO] [stdout] 21  |         let h_inst = unsafe { LoadLibraryW(module_name_cstr.as_ptr()) };
[INFO] [stdout]     |                               ------------ ^^^^^^^^^^^^^^^^^^^^^^^^^ expected `*const u16`, found `*const u32`
[INFO] [stdout]     |                               |
[INFO] [stdout]     |                               arguments to this function are incorrect
[INFO] [stdout]     |
[INFO] [stdout]     = note: expected raw pointer `*const u16`
[INFO] [stdout]                found raw pointer `*const u32`
[INFO] [stdout] note: function defined here
[INFO] [stdout]    --> /opt/rustwide/cargo-home/registry/src/index.crates.io-6f17d22bba15001f/windows-sys-0.36.1/src/Windows/Win32/System/LibraryLoader/mod.rs:113:12
[INFO] [stdout]     |
[INFO] [stdout] 113 |     pub fn LoadLibraryW(lplibfilename: ::windows_sys::core::PCWSTR) -> super::super::Foundation::HINSTANCE;
[INFO] [stdout]     |            ^^^^^^^^^^^^
[INFO] [stdout] 
[INFO] [stdout] 
[INFO] [stdout] error[E0308]: mismatched types
[INFO] [stdout]     --> src/library.rs:48:42
[INFO] [stdout]      |
[INFO] [stdout] 48   |         Ok(WideCStr::from_slice_truncate(&full_path_buf)
[INFO] [stdout]      |            ----------------------------- ^^^^^^^^^^^^^^ expected `&[u32]`, found `&[u16; 4096]`
[INFO] [stdout]      |            |
[INFO] [stdout]      |            arguments to this function are incorrect
[INFO] [stdout]      |
[INFO] [stdout]      = note: expected reference `&[u32]`
[INFO] [stdout]                 found reference `&[u16; 4096]`
[INFO] [stdout] note: associated function defined here
[INFO] [stdout]     --> /opt/rustwide/cargo-home/registry/src/index.crates.io-6f17d22bba15001f/widestring-1.0.2/src/ucstr.rs:1109:1
[INFO] [stdout]      |
[INFO] [stdout] 1109 | / ucstr_common_impl! {
[INFO] [stdout] 1110 | |     /// C-style 32-bit wide string slice for [`U32CString`][crate::U32CString].
[INFO] [stdout] 1111 | |     ///
[INFO] [stdout] 1112 | |     /// [`U32CStr`] is to [`U32CString`][crate::U32CString] as [`CStr`][std::ffi::CStr] is to
[INFO] [stdout] ...    |
[INFO] [stdout] 1277 | |     fn display() -> {}
[INFO] [stdout] 1278 | | }
[INFO] [stdout]      | |_^
[INFO] [stdout]      = note: this error originates in the macro `ucstr_common_impl` (in Nightly builds, run with -Z macro-backtrace for more info)
[INFO] [stdout] 
[INFO] [stdout] 
[INFO] [stdout] error[E0308]: mismatched types
[INFO] [stdout]     --> src/library.rs:48:42
[INFO] [stdout]      |
[INFO] [stdout] 48   |         Ok(WideCStr::from_slice_truncate(&full_path_buf)
[INFO] [stdout]      |            ----------------------------- ^^^^^^^^^^^^^^ expected `&[u32]`, found `&[u16; 4096]`
[INFO] [stdout]      |            |
[INFO] [stdout]      |            arguments to this function are incorrect
[INFO] [stdout]      |
[INFO] [stdout]      = note: expected reference `&[u32]`
[INFO] [stdout]                 found reference `&[u16; 4096]`
[INFO] [stdout] note: associated function defined here
[INFO] [stdout]     --> /opt/rustwide/cargo-home/registry/src/index.crates.io-6f17d22bba15001f/widestring-1.0.2/src/ucstr.rs:1109:1
[INFO] [stdout]      |
[INFO] [stdout] 1109 | / ucstr_common_impl! {
[INFO] [stdout] 1110 | |     /// C-style 32-bit wide string slice for [`U32CString`][crate::U32CString].
[INFO] [stdout] 1111 | |     ///
[INFO] [stdout] 1112 | |     /// [`U32CStr`] is to [`U32CString`][crate::U32CString] as [`CStr`][std::ffi::CStr] is to
[INFO] [stdout] ...    |
[INFO] [stdout] 1277 | |     fn display() -> {}
[INFO] [stdout] 1278 | | }
[INFO] [stdout]      | |_^
[INFO] [stdout]      = note: this error originates in the macro `ucstr_common_impl` (in Nightly builds, run with -Z macro-backtrace for more info)
[INFO] [stdout] 
[INFO] [stdout] 
[INFO] [stdout] error: aborting due to 2 previous errors
[INFO] [stdout] 
[INFO] [stdout] 
[INFO] [stdout] For more information about this error, try `rustc --explain E0308`.
[INFO] [stdout] 
[INFO] [stdout] error: aborting due to 2 previous errors
[INFO] [stdout] 
[INFO] [stdout] 
[INFO] [stdout] For more information about this error, try `rustc --explain E0308`.
[INFO] [stdout] 
[INFO] [stderr] error: could not compile `injectors` (lib test) due to 3 previous errors
[INFO] [stderr] warning: build failed, waiting for other jobs to finish...
[INFO] [stderr] error: could not compile `injectors` (lib) due to 3 previous errors
[INFO] running `Command { std: "docker" "inspect" "34d2f86feb83c69a54f655e31335268b42eb89e51712e850261f009c6a4dbb9d", kill_on_drop: false }`
[INFO] running `Command { std: "docker" "rm" "-f" "34d2f86feb83c69a54f655e31335268b42eb89e51712e850261f009c6a4dbb9d", kill_on_drop: false }`
[INFO] [stdout] 34d2f86feb83c69a54f655e31335268b42eb89e51712e850261f009c6a4dbb9d
